he highest common factor of 7883583 and 807.
807
Calculate the greatest common factor of 2299 and 14630.
209
Calculate the highest common factor of 98072 and 130.
26
Calculate the highest common factor of 48 and 4128528.
48
What is the greatest common factor of 575 and 20?
5
What is the greatest common divisor of 771362 and 212?
106
What is the highest common divisor of 11934879 and 33?
33
Calculate the highest common factor of 1358516 and 892.
892
Calculate the highest common divisor of 424 and 404072.
424
What is the greatest common factor of 101362 and 236?
118
What is the greatest common divisor of 198 and 150711?
33
Calculate the highest common factor of 208921 and 15109.
521
Calculate the highest common factor of 1819440 and 1848.
168
Calculate the greatest common divisor of 10923 and 619632.
993
What is the greatest common divisor of 125 and 17275?
25
Calculate the highest common divisor of 3078 and 5510.
38
Calculate the highest common divisor of 3890 and 2496602.
778
What is the highest common divisor of 10476 and 2700?
108
Calculate the greatest common divisor of 94698 and 30.
6
Calculate the highest common divisor of 1362812 and 176.
44
Calculate the highest common factor of 1195824 and 336.
336
Calculate the highest common divisor of 597975 and 350.
175
What is the greatest common factor of 68769 and 54?
27
What is the greatest common factor of 21345 and 15?
15
What is the highest common factor of 74844 and 109032?
924
Calculate the greatest common factor of 160 and 1436480.
160
What is the highest common divisor of 5002 and 5978?
122
What is the highest common factor of 5120 and 1360?
80
What is the greatest common divisor of 58 and 40397?
29
Calculate the greatest common divisor of 18925 and 25.
25
Calculate the highest common divisor of 54 and 1582551.
27
Calculate the highest common factor of 154064 and 80.
16
What is the highest common divisor of 112674 and 24?
6
Calculate the greatest common divisor of 509544 and 378.
378
Calculate the greatest common divisor of 55155 and 1215.
15
What is the greatest common divisor of 551725 and 725?
725
Calculate the highest common divisor of 68 and 97852.
68
What is the highest common factor of 408 and 43656?
408
Calculate the greatest common divisor of 2599100 and 47.
47
What is the highest common divisor of 29862 and 3634?
158
What is the highest common divisor of 2475 and 50985?
495
Calculate the highest common factor of 8 and 18112.
8
Calculate the greatest common factor of 246 and 1182.
6
What is the greatest common factor of 356973 and 6168?
771
Calculate the greatest common divisor of 36 and 129.
3
What is the greatest common divisor of 143051 and 19?
19
What is the highest common factor of 3120 and 2275?
65
Calculate the highest common divisor of 298690 and 8330.
1190
Calculate the highest common factor of 603450 and 270.
270
What is the highest common factor of 16682 and 2?
2
Calculate the highest common divisor of 298 and 682867.
149
Calculate the greatest common factor of 492 and 39852.
492
What is the highest common divisor of 194650 and 10?
10
Calculate the greatest common factor of 2559 and 9641459.
853
Calculate the highest common divisor of 1910 and 14516.
382
Calculate the greatest common factor of 3267 and 226017.
297
What is the greatest common divisor of 174 and 162?
6
Calculate the greatest common factor of 243 and 96.
3
Calculate the highest common divisor of 1452347 and 2444.
611
Calculate the greatest common divisor of 189 and 8022.
21
What is the greatest common divisor of 1137 and 1516?
379
Calculate the highest common divisor of 33727 and 183754.
1163
What is the highest common factor of 162298 and 76?
38
Calculate the greatest common factor of 34 and 124253.
17
What is the highest common divisor of 2412 and 6228?
36
What is the highest common factor of 61740 and 1062?
18
What is the greatest common factor of 123 and 16356?
3
Calculate the highest common divisor of 22966 and 34.
2
Calculate the highest common divisor of 378 and 450522.
54
What is the greatest common divisor of 278773 and 44?
11
What is the greatest common factor of 22017 and 2952?
123
Calculate the greatest common divisor of 2370 and 53600.
10
What is the highest common divisor of 1215 and 51?
3
What is the highest common divisor of 136 and 11936?
8
What is the highest common divisor of 1080 and 677106?
54
What is the highest common divisor of 342 and 30317616?
342
Calculate the highest common divisor of 40 and 410168.
8
What is the greatest common divisor of 143 and 100661?
11
Calculate the highest common factor of 33 and 70202.
11
What is the highest common divisor of 54 and 142578?
18
What is the highest common divisor of 500 and 6080?
20
What is the greatest common divisor of 2976 and 636?
12
Calculate the highest common factor of 1834 and 44802.
262
What is the highest common factor of 101736 and 157?
157
What is the highest common factor of 952 and 7964908?
476
What is the greatest common factor of 1325 and 114745?
265
What is the greatest common factor of 185875 and 250?
125
Calculate the greatest common divisor of 214441 and 129.
43
Calculate the greatest common factor of 1675547 and 82.
41
Calculate the highest common divisor of 2385 and 3657.
159
Calculate the highest common divisor of 9500 and 3420.
380
Calculate the highest common factor of 630 and 158130.
630
What is the highest common divisor of 24912 and 14256?
144
What is the highest common factor of 25805 and 25?
5
Calculate the highest common factor of 857472 and 6.
6
What is the greatest common divisor of 33330 and 15290?
110
What is the highest common factor of 2118728 and 4?
4
Calculate the greatest common divisor of 13617 and 153.
153
Calculate the highest common factor of 1232 and 4197424.
1232
What is the highest common divisor of 1863 and 20736?
81
Calculate the highest common divisor of 2652 and 10257.
39
What is the greatest common factor of 320 and 352064?
64
What is the greatest common divisor of 94 and 447581?
47
Calculate the greatest common factor of 14825309 and 17.
17
Calculate the highest common factor of 4918939 and 134.
67
What is the greatest common factor of 60 and 56305?
5
What is the greatest common factor of 30508 and 4988?
116
Calculate the greatest common factor of 11152 and 4148.
68
What is the highest common divisor of 87 and 31001?
29
What is the greatest common factor of 48412 and 2014?
38
Calculate the highest common factor of 2372 and 164.
4
What is the greatest common factor of 992 and 1767?
31
Calculate the highest common divisor of 52 and 158128.
4
Calculate the highest common divisor of 141789 and 3.
3
Calculate the greatest common divisor of 4221 and 2010.
201
What is the greatest common factor of 76 and 263?
1
What is the highest common divisor of 16 and 235792?
16
What is the greatest common divisor of 169156 and 1924?
52
Calculate the greatest common factor of 42 and 450.
6
Calculate the highest common divisor of 112613 and 114.
19
Calculate the highest common divisor of 44 and 122914.
22
Calculate the highest common divisor of 488 and 7869.
61
Calculate the greatest common divisor of 51 and 966.
3
Calculate the greatest common factor of 11550 and 59150.
350
What is the greatest common divisor of 20832 and 276?
12
Calculate the highest common factor of 12310 and 110.
10
What is the highest common factor of 132 and 49596?
12
Calculate the greatest common divisor of 28 and 9104.
4
What is the highest common factor of 102152 and 28928?
904
What is the highest common factor of 32 and 147272?
8
Calculate the highest common factor of 79 and 172773.
79
What is the highest common factor of 73656 and 1254?
66
What is the highest common divisor of 101 and 202707?
101
Calculate the greatest common factor of 409 and 145.
1
Calculate the highest common factor of 60432 and 4.
4
What is the greatest common factor of 10049278 and 34?
34
What is the greatest common factor of 5 and 268970?
5
Calculate the greatest common divisor of 4369 and 8224.
257
What is the highest common factor of 13170 and 20?
10
What is the greatest common factor of 14315 and 1047040?
2045
What is the greatest common divisor of 214383 and 117?
39
What is the highest common factor of 22609 and 77657?
983
Calculate the greatest c